{"id":9,"date":"2013-05-07T09:27:33","date_gmt":"2013-05-07T09:27:33","guid":{"rendered":"http:\/\/nordlys-aps.stom.dk\/?page_id=9"},"modified":"2013-05-16T07:40:47","modified_gmt":"2013-05-16T07:40:47","slug":"sole","status":"publish","type":"page","link":"https:\/\/nordlys-aps.dk\/?page_id=9","title":{"rendered":"Sole"},"content":{"rendered":"<table border=\"0\">\n<tbody>\n<tr>\n<td><strong>Triangelsol.<\/strong><\/p>\n<p><strong><\/strong><strong><\/strong><strong><\/strong>S\u00f8mmes p\u00e5 en p\u00e6l i ca 2 meters h\u00f8jde. Stor s\u00f8lvfinale. Br\u00e6ndetid 60 sek.<\/p>\n<p><strong style=\"line-height: 19px;\">Kr. 100,00 ex. moms.<\/strong><\/td>\n<td><img decoding=\"async\" loading=\"lazy\" class=\"alignright size-medium wp-image-29\" title=\"SAMSUNG TECHWIN DIGIMAX-410\" src=\"http:\/\/nordlys-aps.dk\/wp-content\/uploads\/2013\/05\/S4100018-300x225.jpg\" alt=\"\" width=\"300\" height=\"225\" srcset=\"https:\/\/nordlys-aps.dk\/wp-content\/uploads\/2013\/05\/S4100018-300x225.jpg 300w, https:\/\/nordlys-aps.dk\/wp-content\/uploads\/2013\/05\/S4100018-200x150.jpg 200w, https:\/\/nordlys-aps.dk\/wp-content\/uploads\/2013\/05\/S4100018.jpg 640w\" sizes=\"(max-width: 300px) 100vw, 300px\" \/><\/td>\n<\/tr>\n<tr>\n<td><strong>M\u00f8llevinge<\/strong><\/p>\n<p><strong><\/strong>S\u00f8mmes p\u00e5 en p\u00e6l i 3 meters h\u00f8jde. Br\u00e6ndetid 60 sek.<\/p>\n<p><strong style=\"line-height: 19px;\">Kr. 225,00 ex. moms.<\/strong><\/td>\n<td><img decoding=\"async\" loading=\"lazy\" class=\"size-full wp-image-33 aligncenter\" title=\"sole\" src=\"http:\/\/nordlys-aps.dk\/wp-content\/uploads\/2013\/05\/sole.png\" alt=\"\" width=\"250\" height=\"168\" \/><\/td>\n<\/tr>\n<\/tbody>\n<\/table>\n<p><\/p>\n","protected":false},"excerpt":{"rendered":"<p>Triangelsol. S\u00f8mmes p\u00e5 en p\u00e6l i ca 2 meters h\u00f8jde. Stor s\u00f8lvfinale. Br\u00e6ndetid 60 sek. Kr. 100,00 ex. moms. M\u00f8llevinge S\u00f8mmes p\u00e5 en p\u00e6l i 3 meters h\u00f8jde. Br\u00e6ndetid 60 [&hellip;]<\/p>\n","protected":false},"author":1,"featured_media":0,"parent":0,"menu_order":0,"comment_status":"open","ping_status":"open","template":"","meta":[],"_links":{"self":[{"href":"https:\/\/nordlys-aps.dk\/index.php?rest_route=\/wp\/v2\/pages\/9"}],"collection":[{"href":"https:\/\/nordlys-aps.dk\/index.php?rest_route=\/wp\/v2\/pages"}],"about":[{"href":"https:\/\/nordlys-aps.dk\/index.php?rest_route=\/wp\/v2\/types\/page"}],"author":[{"embeddable":true,"href":"https:\/\/nordlys-aps.dk\/index.php?rest_route=\/wp\/v2\/users\/1"}],"replies":[{"embeddable":true,"href":"https:\/\/nordlys-aps.dk\/index.php?rest_route=%2Fwp%2Fv2%2Fcomments&post=9"}],"version-history":[{"count":10,"href":"https:\/\/nordlys-aps.dk\/index.php?rest_route=\/wp\/v2\/pages\/9\/revisions"}],"predecessor-version":[{"id":31,"href":"https:\/\/nordlys-aps.dk\/index.php?rest_route=\/wp\/v2\/pages\/9\/revisions\/31"}],"wp:attachment":[{"href":"https:\/\/nordlys-aps.dk\/index.php?rest_route=%2Fwp%2Fv2%2Fmedia&parent=9"}],"curies":[{"name":"wp","href":"https:\/\/api.w.org\/{rel}","templated":true}]}}