{"id":2,"date":"2013-05-07T09:22:51","date_gmt":"2013-05-07T09:22:51","guid":{"rendered":"http:\/\/nordlys-aps.stom.dk\/?page_id=2"},"modified":"2013-06-03T10:30:18","modified_gmt":"2013-06-03T10:30:18","slug":"eksempel-side","status":"publish","type":"page","link":"https:\/\/nordlys-aps.dk\/","title":{"rendered":"Velkommen"},"content":{"rendered":"<p>Fremstilling af Fyrv\u00e6rkeri til alle slags arrangementer: Bryllupper, runde f\u00f8dselsdage, byfester etc.<\/p>\n<p>Festfyrv\u00e6rkeri leveres efter pladsens forhold med hensyntagen til afstandskrav til publikum, bygninger og brandbare arealer. Priser p\u00e5 festfyrv\u00e6rkeri ligger fra 6000,00 kr.excl moms. Vi s\u00f8rger for ans\u00f8gning hos Beredskabet og oprydning efter afbr\u00e6nding af fyrv\u00e6keriet.<\/p>\n<p>Fyrv\u00e6rkeriet sammens\u00e6ttes efter kundens \u00f8nske, hvor vi gerne giver gode r\u00e5d til feks ildskrift, ildbilleder samt farvesammens\u00e6tning og valg af effekter.<\/p>\n","protected":false},"excerpt":{"rendered":"<p>Fremstilling af Fyrv\u00e6rkeri til alle slags arrangementer: Bryllupper, runde f\u00f8dselsdage, byfester etc. Festfyrv\u00e6rkeri leveres efter pladsens forhold med hensyntagen til afstandskrav til publikum, bygninger og brandbare arealer. Priser p\u00e5 festfyrv\u00e6rkeri [&hellip;]<\/p>\n","protected":false},"author":1,"featured_media":0,"parent":0,"menu_order":0,"comment_status":"closed","ping_status":"closed","template":"","meta":[],"_links":{"self":[{"href":"https:\/\/nordlys-aps.dk\/index.php?rest_route=\/wp\/v2\/pages\/2"}],"collection":[{"href":"https:\/\/nordlys-aps.dk\/index.php?rest_route=\/wp\/v2\/pages"}],"about":[{"href":"https:\/\/nordlys-aps.dk\/index.php?rest_route=\/wp\/v2\/types\/page"}],"author":[{"embeddable":true,"href":"https:\/\/nordlys-aps.dk\/index.php?rest_route=\/wp\/v2\/users\/1"}],"replies":[{"embeddable":true,"href":"https:\/\/nordlys-aps.dk\/index.php?rest_route=%2Fwp%2Fv2%2Fcomments&post=2"}],"version-history":[{"count":5,"href":"https:\/\/nordlys-aps.dk\/index.php?rest_route=\/wp\/v2\/pages\/2\/revisions"}],"predecessor-version":[{"id":5,"href":"https:\/\/nordlys-aps.dk\/index.php?rest_route=\/wp\/v2\/pages\/2\/revisions\/5"}],"wp:attachment":[{"href":"https:\/\/nordlys-aps.dk\/index.php?rest_route=%2Fwp%2Fv2%2Fmedia&parent=2"}],"curies":[{"name":"wp","href":"https:\/\/api.w.org\/{rel}","templated":true}]}}